 + 671874 - 225148 = 0. What is the tens digit of u?
3
Let r be (-6)/(-16) + (-23070)/(-48). Suppose r = -15*j + 1771. What is the tens digit of j?
8
What is the thousands digit of (-76 + 74)*((-23)/4)/(3/2694)?
0
Let q = -16950 + 34103. What is the hundreds digit of q?
1
Let j(p) = -213*p**3 + 23*p + 49. What is the units digit of j(-3)?
1
Let y be 0/(1/4 + 5/(-4)). Suppose -112*x + 94*x + 16938 = y. What is the hundreds digit of x?
9
Let t = 15 + 0. Let h = t + -20. Let u = 77 - h. What is the tens digit of u?
8
Suppose 0 = z + g + 30, z - 6*g + 4*g + 27 = 0. Let u = -29 - z. What is the units digit of (90 - u) + 1/6*0?
0
Suppose -26*o = -117*o - 97*o + 563624. What is the thousands digit of o?
2
Let d = -89 - -194. Let f be (-6)/(-45) - (-47656)/d. Suppose 0 = -5*g + f + 671. What is the units digit of g?
5
Suppose u - 32*n + 28*n - 4285 = 0, -17266 = -4*u + 2*n. What is the tens digit of u?
2
Suppose 0 = -5*w - 3*n - 2*n + 5120, -5110 = -5*w - 3*n. What is the hundreds digit of w?
0
What is the tens digit of (-170)/204 - 6/72*-98134?
7
Let p(v) = 3*v**3 - 3*v**2 - 6*v - 2. Let u be p(5). Suppose 0 = 4*n, -t - u = n - 685. What is the units digit of t?
7
Suppose 9*y - 418 = -94. Suppose -25*d = -16*d - y. Suppose -n + 851 = -0*j + 4*j, 0 = 4*n + d. What is the hundreds digit of j?
2
Suppose -4*d + 0*d = 3*q - 136, 3*d - 77 = 4*q. Suppose -35*s + d*s = 0. Suppose g - 318 = -5*w + 3*g, 4*w - g - 252 = s. What is the units digit of w?
2
Let y be ((-2)/11 - (-318)/(-66))*-1. Suppose -4*m = -12, -2347 = y*q - 4*m - 8045. Suppose 11*a - 277 = q. What is the hundreds digit of a?
1
Let z = -5103 - -9570. What is the tens digit of z?
6
Let w(r) be the first derivative of 249*r**2/2 + 14*r - 45. What is the units digit of w(1)?
3
Let i(m) = -m - 15. Let p be i(-16). Let z = -246 + 248. What is the units digit of (p + z/4)*(-4144)/(-42)?
8
Suppose 2*d = 5*c + 39272, 5*c + 25403 = d + 5752. What is the ten thousands digit of d?
1
Suppose 4*u - 2*u = 74. Let s = -25 + u. Suppose 3*a + 3*v - s = 3, 4*v + 15 = a. What is the units digit of a?
7
Suppose 0 = -5*q + 1134 - 1024. Suppose 24*g - 1204 = q*g. What is the tens digit of g?
0
Suppose -92*p + 213*p = 1189188. What is the tens digit of p?
2
Let b(o) = -o. Let a(p) = -p**2 + 3*p + 7. Let j(v) = -2*a(v) + 4*b(v). Suppose 5*n + 21 = 71. What is the tens digit of j(n)?
8
Let r be -1786*(1 - 6/(4/2)). Suppose -4*b - 10*m + r = -6*m, -3*b - m + 2687 = 0. What is the tens digit of b?
9
Let p be 690/5*4/12. Suppose y + p = a, a - 132 = 3*y - 0*a. Let w = y + 58. What is the tens digit of w?
1
Let l = -7575 + 8032. What is the hundreds digit of l?
4
Suppose -2*o + 8 = -3*o - 4*v, -3*o = 2*v - 6. Suppose 2*x - 32 = -5*d, o*d + 2*x + 3 = 29. Let i = d - -18. What is the tens digit of i?
2
Suppose 654*o + 694 = 655*o. Let n = o - 297. What is the tens digit of n?
9
Let p(b) = 244*b - 19. What is the units digit of p(19)?
7
Suppose -32 = 25*m - 21*m. Let v = m - -748. What is the units digit of v?
0
Suppose 0 = 2*l - 6*l + 2*w + 162, l + 2*w - 43 = 0. Let a = 101 - l. Let r = a + 29. What is the tens digit of r?
8
Let k = -83 - -80. Let i(n) = n**3 + 4*n**2 + 3*n + 2. Let w be i(k). Suppose -f + 0 = -a + 2, 0 = a - 5*f - w. What is the units digit of a?
2
Let h(x) = 364*x + 483. What is the hundreds digit of h(38)?
3
Suppose -5*y = 10, -5*q + 0*y + 11606 = -3*y. Suppose 4*t = -3*u - 1741, 0*u - q = 4*u + 4*t. What is the tens digit of 24/56 - u/21?
2
Suppose 3*q = -13*q - 10688. Let i = q + 1038. What is the tens digit of i?
7
Let o(r) = 2*r**2 - 19*r + 17. Let u be o(12). Suppose -516*d = -515*d - 374. Suppose -u = -3*q + 2*a + 137, -5*q + d = a. What is the tens digit of q?
7
Let f(j) = 37*j**2 - j + 57. What is the hundreds digit of f(-9)?
0
Suppose 2*x + 0*i + 5273 = -i, 3*x = -4*i - 7907. Let f = -1822 - x. What is the tens digit of f?
1
Let s = -79 + 259. Let j = 111 + -107. Suppose s = j*q + q. What is the tens digit of q?
3
Suppose 2*l - 7*l + 4*t = -22, -5*l + 32 = t. Let c = 4351 - 4391. What is the hundreds digit of 1280/l + c/30?
2
Let o(y) = -y**3 - 22*y**2 + 13. Let f be o(-22). Suppose -980 = f*m - 18*m. What is the units digit of m?
6
Suppose -4*d - 1140 = 4*w, 0 = 5*w + 17*d - 21*d + 1398. What is the tens digit of -4 + -2 + w/(-6)?
4
Let q = -446 - -3961. What is the thousands digit of q?
3
Let v be 15/(-30)*(-13 + 1). Suppose 0 = -4*f - v*n + 11*n + 1037, 0 = -5*f - 5*n + 1285. What is the tens digit of f?
5
Suppose 6*d + 33 = 9*d. Let a(v) = -8*v**3 + 32*v**3 - 13*v**3 - 10*v**3 - 12*v**2 + 13*v + 12. What is the tens digit of a(d)?
3
Let z(o) = -3*o + 8. Let h(x) = -x. Let b(t) = -10*h(t) + 5*z(t). Let f be b(-5). Suppose -9 = -d + f. What is the units digit of d?
4
Let p(w) be the first derivative of 5*w**4/4 - 2*w**3 + 11*w**2/2 - 25*w - 61. What is the tens digit of p(4)?
4
Suppose -10 = -4*k - 2*z, -2 = -k - z - 0*z. Suppose 0 = 7*n - k*n - 2196. Let o = n - 382. What is the tens digit of o?
6
Let y = 75 - 72. Let q = 14 + y. Suppose 187 = p + q. What is the hundreds digit of p?
1
Suppose -3*b = -3*f + 15, f + 30 = 3*f + 2*b. Suppose 8*m - f = 3*m. Suppose -2*n + 4*k = -622, -4*n = -m*k + k - 1223. What is the units digit of n?
5
Let q = -140 + 144. Suppose -q*i = -694 - 18. What is the hundreds digit of i?
1
Let i = -169 + 178. Suppose -i*f + 5535 = 6*f. What is the units digit of f?
9
What is the thousands digit of (-2)/4*1 + (-7715019)/(-338)?
2
Let r(y) = 2*y**2 - 10*y + 10. Let g be r(7). Let i = -431 - -442. Let k = i + g. What is the tens digit of k?
4
Suppose 4*m = -3*j + 9605, -33*j + 37*j + 2*m = 12790. What is the thousands digit of j?
3
Suppose -41 = -4*r - 21. Suppose 4*x - 16 = -r*d, 2*d + 4*x - 8 = 8. Suppose 4*z - 4 = d, 0 = 5*o + 3*z - 75 - 58. What is the units digit of o?
6
Let h = 12 + 0. Suppose 4*o + 3*n = -32 + 1, -h = o + 5*n. What is the tens digit of (-1423)/o + -3 + 38/14?
0
Suppose 44 = 26*r - 34. Suppose 0 = -v - 3*m + 397, 12*v - 7*v = -r*m + 1937. What is the tens digit of v?
8
Let g be 422/4*(9 - (-3)/3). Suppose -10*j + 5325 - g = 0. What is the hundreds digit of j?
4
Suppose k - 2*z - 77577 = 0, -2*z = 3*k + 65526 - 298241. What is the thousands digit of k?
7
Let s(g) = g**2 - 2*g - 15. Let w be s(8). Let r = w - -33. Suppose v - 36 = 3*p, 4*v - 102 = 4*p + r. What is the units digit of v?
5
Suppose 42 = -15*w + 14*w. Suppose 2*a = l + 25 - 112, -3*l - 5*a + 294 = 0. Let k = w + l. What is the tens digit of k?
5
Suppose 88*x - 80*x - 30688 = 0. What is the hundreds digit of x?
8
Let v(z) = -z**3 + 5*z**2 - 2*z - 1. Let w be v(2). Suppose w - 7 = -3*l. Suppose l = 4*i + 3*b - 338, 3*b + 428 = 5*i - 8. What is the units digit of i?
6
Suppose 3*j - 29063 = -9*y + 4*y, -4*j + 3*y + 38741 = 0. What is the hundreds digit of j?
6
Suppose -81033 = -10*r + 191577. What is the thousands digit of r?
7
Suppose -8*n = 169 + 79. Let t(z) = -z**3 - 32*z**2 - 46*z + 40. What is the hundreds digit of t(n)?
5
Suppose 1162 - 126 = 7*r. Suppose c + r = 693. What is the units digit of c?
5
Let u = 3439 + -3433. Let d be (-6)/(-33) + 42/11. Suppose -g + 130 = d*a, -u*a = -a + 5*g - 155. What is the tens digit of a?
3
What is the hundreds digit of (6/(-51) + 109997/493)*-69*-5?
9
Suppose -4*z + 77*l + 39427 = 78*l, -l = -2*z + 19709. What is the thousands digit of z?
9
Let p be (1 + 6/(-9))*-3. What is the units digit of 10 + 760 - (p - -5)?
6
Suppose 0 = 2*h - 1 + 1. Suppose -389*b + 388*b + 475 = h. What is the units digit of b?
5
Let q(r) = 226*r**3 - 53*r + 155. What is the hundreds digit of q(4)?
4
Let m(b) = 0*b + 6*b**2 - 138 - 4*b - b**2 + 117. What is the units digit of m(-4)?
5
Let h(b) = 1091*b**3 - 13*b**2 - 1092*b**3 - 8*b - 26 - 20*b. What is the units digit of h(-12)?
6
Let w(p) = 8*p + 22*p - 5*p + 88. What is the tens digit of w(13)?
1
Let p = 172 - 319. Let c = p - -76. Let f = c + 84. What is the tens digit of f?
1
Let j(k) = 19*k**3 - 136*k**2 - 18*k + 22. What is the tens digit of j(14)?
5
Let b(z) = z**3 - 15*z**2 + 36*z + 2. Let v be b(12). Let r be (-7718)/22 + (-2)/11. What is the units digit of (-4)/(12/r) - v?
5
Suppose 109*f + 41440 = 160904. What is the tens digit of f?
9
Let r = -58 + 69. Let k(i) = -r - 12 + 4*i + 26 + 104*i**2. What is the h